 remainder when p(-1) is divided by a?
15
Suppose 2*w = z + 84, -2*w + 26 = -3*z - 54. What is the remainder when w is divided by 4/22 + 978/66?
13
Let x = -557 + 566. What is the remainder when 37 is divided by x?
1
Let t(k) = 22*k + 2. Let z be t(-2). Let f = z - -29. Let s = 0 - f. What is the remainder when 36 is divided by s?
10
Let k(y) = -4*y - 9. Let b = 8 + -12. Suppose 0*a + 2*a = 2*o - 88, -5*o - 3*a = -188. What is the remainder when o is divided by k(b)?
5
Suppose y - 3*y + 16 = 0. Suppose y*p - 10*p = -88. What is the remainder when p is divided by 15?
14
Suppose 5*l - 2*b = -828, -6*b = 4*l - b + 636. What is the remainder when 21 is divided by l/(-10) - (-9)/((-45)/2)?
5
Let j(l) = 6*l + 20. Calculate the remainder when j(3) is divided by 13.
12
Let j be (-15)/(-10)*6/(-9). Let h(m) = -61*m - 4. What is the remainder when h(j) is divided by 10?
7
Let q be 35/(-14) + 114/(-4). Let l(y) = -y**2 - 34*y - 17. Calculate the remainder when l(q) is divided by 26.
24
Let i(j) = -7*j - 31. Let k be i(-5). Suppose k*s - 137 = -5*w, 4*s - 56 = -2*w + 6. Calculate the remainder when 98 is divided by w.
23
Suppose -31*q = -35*q - 3*c + 2, -4*q - 2*c + 4 = 0. Calculate the remainder when q is divided by 1.
0
Let b(x) = -20*x - 246. Calculate the remainder when b(-21) is divided by 49.
27
Let d be (2/3)/(9/(-2349)). Let k = 276 + d. What is the remainder when k is divided by 15?
12
Let d(l) be the second derivative of l**5/20 - 2*l**4/3 + 2*l**3 + 5*l**2/2 + 17*l. Calculate the remainder when 9 is divided by d(6).
4
Suppose -14*p + 17*p + 9 = 0. What is the remainder when 6 is divided by ((-6)/p)/(2/3)?
0
Suppose f - 135 = -123. Calculate the remainder when (3/(-2))/((-6)/136) is divided by f.
10
Let w(y) be the first derivative of -3 + 2*y**3 + 3/2*y**2 + 2*y. Calculate the remainder when 78 is divided by w(-2).
18
Let v = 123 + -115. Let n(s) = -2*s**2 + 19*s + 3. Calculate the remainder when 105 is divided by n(v).
24
Let f = -179 - -202. Let c(g) = 4*g**3 + 3*g**3 - 2*g**2 + 2 + 2*g**3. What is the remainder when c(2) is divided by f?
20
Let w = -708 + 711. Calculate the remainder when 13 is divided by w.
1
Let g = 145 + -100. Suppose j + g = 4*j. Suppose -5*i + 6 = -14. What is the remainder when j is divided by i?
3
Let u(y) = -y**2 + 7*y - 9. Let l be u(4). Suppose 0 = -4*m - 0*m + f + 29, -15 = l*f. Let a = -54 + 75. Calculate the remainder when a is divided by m.
3
Let n(p) = -p**2 + p. Let g(t) = 32*t**2 - 28*t. Let q(v) = 3*g(v) + 84*n(v). What is the remainder when q(1) is divided by 6?
0
Let z(b) = -b**3 + b - 1. Let x be z(-2). Let m(v) = 0 - 1 + 19*v - x*v + 49*v. Calculate the remainder when m(1) is divided by 21.
20
Suppose 24*q + 1986 = 8634. Calculate the remainder when q is divided by 20.
17
Let v(n) = -3*n**3 - 2*n. Suppose 5*o + 3*x - 6*x + 16 = 0, 3*x = 2*o + 10. Let a = 269 + -159. What is the remainder when a is divided by v(o)?
26
Suppose -5*f + b + 198 = -2*b, -2*b = -5*f + 197. Let i(x) = x**2 - 3. Let m be i(-3). Suppose 26 = 4*v - m. Calculate the remainder when f is divided by v.
7
Suppose 5*z - 13 = 2. Suppose -2*n - z*p = -13, -5*n - p = -2*p - 24. What is the remainder when 12 is divided by n?
2
Calculate the remainder when (-63)/(-24)*6/(-7)*-24 is divided by 16.
6
Suppose 100*k - 101*k + 31 = 0. What is the remainder when k is divided by 5?
1
Suppose 2*y = 5*t + 2, -3*t + 2 = 2*y - 0. Let q = t + 23. Calculate the remainder when q is divided by 12.
11
Suppose -592 = 5*z - 892. What is the remainder when z is divided by 32?
28
Let s = 24 - 7. Suppose m + 55 = 5*a - 567, -238 = -2*a + 4*m. Suppose 0 = -4*r + 139 + a. What is the remainder when r is divided by s?
15
Suppose -4*b = -4*f + 768, -f + 766 = 3*f - 2*b. What is the remainder when f is divided by 29?
17
Suppose 4*y = -9*s + 13*s - 592, 0 = -4*s - y + 602. Calculate the remainder when s is divided by 76.
74
Let a = -1933 - -1936. Let z(n) = n**3 - 2*n**2 + n + 1. Calculate the remainder when z(3) is divided by a.
1
Suppose -3*y + 204 = 3*o, 5*y = 5*o + 559 - 189. Suppose -y = -q + l + l, 3*q - 205 = 4*l. What is the remainder when q is divided by 33?
30
Suppose -4*o + 59 = 3*n, n - 60*o + 64*o = 33. What is the remainder when 254 is divided by n?
7
Let d = 41 + 37. Let r(n) = -25 + 57 - 5 - 3*n. Calculate the remainder when d is divided by r(0).
24
Let m be ((-30)/(-20))/(6/(-64)). Let l be (-63)/42*m/3. Let h(y) = -y**2 + 9*y + 6. What is the remainder when 40 is divided by h(l)?
12
Let m(k) = -3*k**2 + 158*k - 73. What is the remainder when 147 is divided by m(52)?
23
Let r(a) = a**3 - 7*a**2 - 5*a. Let m be r(5). Calculate the remainder when 41 is divided by (-4)/98*-7 - m/7.
8
Let p(u) = 156*u - 24. Let i be p(-10). Calculate the remainder when i/(-42) + 6/21 is divided by 8.
6
Let z = 901 + -886. Calculate the remainder when 27 is divided by z.
12
Let y(m) = 2*m**3 - 65*m**2 + 39*m - 157. Calculate the remainder when 333 is divided by y(32).
65
Suppose -3*z - 56 = -302. Let x = -1663 + 1675. What is the remainder when z is divided by x?
10
Suppose y - 92 = -y. Let t = y - 38. Calculate the remainder when 36 is divided by t.
4
Let r = 26 - -19. Let p = -436 - -612. What is the remainder when p is divided by r?
41
Let r(q) = 3*q**2 - 6*q**2 - 3 + 0 - q + 12 - 2*q**3. Calculate the remainder when r(-3) is divided by 7.
4
Let w be 0 + 46 + 38/(-19). Suppose 3*a = -73 - w. Let d = a - -43. What is the remainder when 5 is divided by d?
1
Suppose 0 = 5*u + 25, -6*u + 2 = 3*m - u. Let t(v) = 7*v - 16. Let s be t(4). Suppose 0 = -6*a + m*a - s. Calculate the remainder when 9 is divided by a.
1
Let r be ((-2)/(-3))/((-9)/216). Calculate the remainder when 61 is divided by (r/(-3))/((-1)/(-3)).
13
Suppose -4*x + 47 + 29 = 0. Suppose 5*w = 3*a - 32, 5*w + 32 + x = 4*a. Calculate the remainder when 113 is divided by a.
18
What is the remainder when 75 is divided by 1 - (-12)/(-15) - (-1194)/30?
35
Let t = 398 - 408. Let o = 3 + -19. Let s = t - o. Calculate the remainder when s is divided by 5.
1
Let h(k) = 13*k**2 + 15*k + 2. Calculate the remainder when 209 is divided by h(1).
29
Suppose 0 = 3*n - 1106 - 874. What is the remainder when n is divided by 8?
4
Let x = -56 - -59. Calculate the remainder when 22 is divided by x.
1
What is the remainder when 65 is divided by -1111*(-14)/770 + (-12)/10?
8
Suppose 0 = 2*f + d - 19, 3*f + 0*f - d = 16. Suppose -f*u + 66 = -u. What is the remainder when 54 is divided by u?
10
Let m = 86 + -48. Suppose 4*o = 18 + m. What is the remainder when 53 is divided by o?
11
Let n(g) be the second derivative of g**4/4 - 5*g**3/2 + g**2 + 3*g. Calculate the remainder when 78 is divided by n(6).
18
Suppose 3 = -5*h + 38. Suppose m = h*m - 84. Calculate the remainder when m is divided by -6*3*(-1)/2.
5
Suppose -26*h + 152 = -1512. Calculate the remainder when 250 is divided by h.
58
Let y = -31 - -85. Calculate the remainder when y is divided by 31.
23
Suppose -h = -4*l - 6, -h - 3*h - 5*l = -129. Suppose -j - 3 = 0, -4*j + 79 = 3*x + 25. What is the remainder when h is divided by x?
4
Suppose -5*o + 88 + 6 = 3*k, 2*o = -k + 37. Suppose 0 = q + 2*q - 4*w - 150, -5*q = -w - 250. What is the remainder when q is divided by o?
16
Let q(i) = -i - 7. Let z be q(-15). Suppose 0 = k + 3*s - 10, -z*k + 3*k - 5*s = -10. What is the remainder when 5 is divided by (k + 2)/4 + 2?
1
Suppose 19 = 3*m - 5*n, 3*m + 2*n - 55 = -2*n. Calculate the remainder when 90 is divided by m.
12
Let o(h) = -3*h**2 + 4*h - 2. Let s be o(2). Let d = s + 11. Calculate the remainder when 9 is divided by d.
4
Suppose -q + 42 = 5*m, -2*q = q - 3*m - 54. What is the remainder when (130/3)/((-4)/(-6)) is divided by q?
21
Let z(p) = -208*p - 2. Let a be z(-1). Suppose 0 = -3*t + a + 358. Suppose 9*s = 5*s + t. Calculate the remainder when s is divided by 16.
15
Suppose -95*l = -68*l - 2700. Calculate the remainder when l is divided by 15.
10
Suppose -4*y - 3*w + 40 = 0, -5*w - 7 = 3*y - 48. Suppose -y*n + 9*n - 242 = 0. What is the remainder when n is divided by 31?
28
Let u(r) = r**3 + 12*r**2 + 21*r + 13. Let h = -20 - -10. What is the remainder when 11 is divided by u(h)?
2
Calculate the remainder when 4 is divided by (2 + -1)*(6/(-6) - -2).
0
Let h(t) = 40*t + 